3*j - f - 3. Is 80/4 - (2 - s) a composite number?
False
Let n(x) = -6*x**2 - 1 + 2 - 6*x**2 + 2*x**3. Let u be n(8). Let h = u + -112. Is h a composite number?
True
Let b be -9 + (-3)/(-1 + 0). Let g = 20 + b. Is g composite?
True
Let q = -480 + 771. Is q a prime number?
False
Let h be (5 + -7)/(2/(-4)). Suppose 5*p = 8 + 17, 107 = -h*j - 5*p. Let a = j + 64. Is a prime?
True
Suppose -4*a - y + 43 = 0, -3*a + 31 = -3*y - 20. Let o(p) = -p**3 + 12*p**2 + 4*p - 13. Is o(a) prime?
False
Suppose 4*j + 18 = 2*j. Suppose -g - 63 = -0*q - 3*q, 0 = 3*g + 2*q + 200. Is (g/j + 3)*3 a prime number?
True
Suppose q + 8*v + 313 = 3*v, 0 = v + 3. Is q/((1 + -3)/1) a composite number?
False
Let z = -42 - -121. Is z a prime number?
True
Let f = 85 + 24. Suppose -4 = -4*w, 0*n - w = -2*n + f. Is n prime?
False
Let x = 1237 + -196. Is x prime?
False
Suppose 6*z - 148 = 2*z. Is z a composite number?
False
Let p(u) = 2*u**2 - u + 17. Is p(12) a composite number?
False
Let z = 1 - -3. Is (z/(8/(-98)))/(-1) a prime number?
False
Let q = 6 + -4. Let h = -2 + 5. Suppose -h*j + 115 = q*v, 2*v = v - j + 56. Is v composite?
False
Is (-3 - 1)/8*-694 composite?
False
Suppose 5*r + 950 = -0*r. Let w = -6 - r. Suppose -w = -3*a - 19. Is a a prime number?
False
Let c = 13 - 19. Let z be (1 + 2)*4/c. Is z/(1*(-4)/38) prime?
True
Let o be (-131)/(-5) - 2/10. Let s(h) = h + 8. Let f be s(-5). Let a = o - f. Is a prime?
True
Is (-3)/9 + (-51654)/(-9) a prime number?
False
Is (-861)/(-12) + 2 - 6/(-24) composite?
True
Let w(j) = -j**3 - 17*j**2 - 19*j + 5. Is w(-16) a composite number?
False
Let y(p) = 7*p - 4. Let c be y(6). Suppose o = -c + 47. Is o a prime number?
False
Suppose -h + 104 = -41. Is h a composite number?
True
Let k be (-1 + -4)/(1/(-1)). Suppose r + k*x = 185, 6*r - 555 = 3*r - x. Is r a prime number?
False
Let v(z) = -1089*z + 11. Is v(-2) composite?
True
Let n = -56 + 198. Let u = -81 + n. Suppose -2*h + u + 273 = 0. Is h prime?
True
Let q(z) = -2*z + 1 - 2*z + 3*z**2 + 2*z + 11*z**3. Is q(2) composite?
False
Suppose 0 = 5*a + 20, 3*a + 92 = f - 0*a. Suppose f - 17 = 3*r. Is r a composite number?
True
Is 3*1*(1750/6 + 4) a prime number?
True
Let x = 1 - -1. Suppose 0 = -x*l - 7 + 1. Is (0 - l) + 0 + -1 composite?
False
Let u = 262 - 113. Is u prime?
True
Suppose -6*c + 2*c = u - 176, -809 = -4*u + 5*c. Suppose m + 2*v = 110, 2*m - 4*v = -0*m + u. Suppose 0 = 3*b - 0*b - z - m, -119 = -3*b + 4*z. Is b prime?
False
Let f(r) = 21*r**2 - 1. Let k be f(-1). Suppose -w + 107 + k = 0. Is w prime?
True
Let k(h) = -h - 2. Let z be k(-6). Suppose -m + 1865 = z*m. Is m a composite number?
False
Suppose 3*g = -15, 4*g + 16 - 6 = 2*r. Let h = -3 - r. Suppose -j - 233 = -h*z, 0*j = z + 5*j - 144. Is z composite?
True
Let j(c) = 44*c + 21. Is j(11) a composite number?
True
Suppose -2*y = 4*b, 3*b = -3*y - 6 + 3. Is (-7 + -90)*2/y prime?
True
Suppose 0 = -5*y + 25, -129 = -2*i - y + 400. Is i composite?
True
Is (-9214)/(-22) - (-2)/11 a prime number?
True
Let q be 2 + 4/4 - -887. Let a = q - 459. Is a a composite number?
False
Let h(g) = -25*g**3 - 5*g**2 + 10*g - 11. Is h(-5) a composite number?
False
Let a be 3*(2 + 31/(-3)). Let r = -10 - a. Suppose r = q - 40. Is q a prime number?
False
Let n(j) = j**3 + 10*j**2 - 3*j + 7. Let c be n(-9). Suppose -3*r + c = -2*r. Is r a prime number?
False
Suppose 5 - 17 = -3*s. Suppose 320 = -s*f + 1432. Suppose 4*l = 2*j - f, 2*j - 523 = -2*j - 3*l. Is j a prime number?
False
Let c = 30 + -21. Let v(d) = -c - 4*d - 6*d**3 + 8*d**2 + 9*d + 5*d**3. Is v(8) a composite number?
False
Let n = 97 + 645. Let t = n - 489. Is t a prime number?
False
Let n(c) = 2*c - 2. Let v be n(4). Is ((-37)/(-3))/(2/v) a prime number?
True
Let p(m) = 10*m + 1. Let x be p(3). Let j = x + -10. Is j prime?
False
Let l(h) = 4*h**2 + h - 4. Let c be l(6). Suppose 0 = -3*j - 2*w + c, 4*j + 0*j = -4*w + 188. Let i = j - 29. Is i a composite number?
False
Let c(m) = 8*m**2 + 12*m - 9. Is c(7) composite?
False
Let t(b) = 75 + 973*b - 75. Is t(1) composite?
True
Let v = 2 + -1. Let h be 4*v/(-6)*2862. Is (h/30)/((-2)/5) a composite number?
True
Suppose 45 = -5*i + 3*i + 3*x, 2*x = 4*i + 86. Let o = 34 - i. Is o prime?
False
Let m(n) = n**3 - n**2 + n - 236. Let i be m(0). Is -3*(2 - i/(-12)) composite?
False
Let y = -2 - -4. Suppose f + 135 = y*j, -2*j - f + 140 = 3*f. Let v = 101 - j. Is v composite?
True
Let g be 4/(-10) + 36/15. Suppose g*d = 3*d - 19. Is d prime?
True
Suppose -3*s + 685 = -566. Is s a composite number?
True
Let b be (2/(-2))/(4/(-56)). Let c = b - 9. Suppose -c*d + 2*d = -186. Is d composite?
True
Let m(f) = 4*f**2 + 2*f - 1. Let b be m(1). Is (-1 + -105)*(b + -6) a composite number?
True
Suppose -k = -m, 15 = -m + 3*k + k. Suppose 0 = 3*r + m - 176. Suppose -c = -0*c - r. Is c a composite number?
True
Suppose 2*a + 2*c = -29 + 111, 83 = 2*a + c. Let j = -48 + 20. Let d = a + j. Is d composite?
True
Is (-5798)/((2/6)/((-3)/18)) a composite number?
True
Let u = -11 + 12. Is u/5 + (-8844)/(-55) a prime number?
False
Let t be (-1)/4 + 7545/20. Let j = 588 - t. Is j a prime number?
True
Let d be 1 + -2 + -3 + 1. Let x(f) = 3*f**2 + 2*f + 1. Is x(d) a composite number?
True
Let m(a) = 8*a**3 - 2*a**2 + a. Let b be m(1). Suppose 3*u - b*u = -36. Suppose 0 = -3*c - 5*j + u, 5 = 5*c - j - 10. Is c composite?
False
Suppose -4*z + 2*r - 8 = -9*z, 5*z - 16 = -4*r. Suppose 2*d - 3 - 1 = z. Suppose -2*j + 26 = -d*m - m, -4*j = 2*m - 84. Is j prime?
True
Let h be (3 + -33)*216/(-10). Suppose -4*s - 152 = -5*v - h, -5*v + 407 = 3*s. Is s a composite number?
True
Let m(g) = g**3 + 6*g**2 - g + 3. Let p(a) = -4*a + 1. Let i be p(1). Is m(i) composite?
True
Is ((-362)/(-4))/(8/176) a composite number?
True
Let h = 21 + -11. Let f be (-1728)/20 - (-4)/h. Let l = f + 135. Is l a composite number?
True
Let y(w) = -w**3 - 3*w**2 + 3*w + 1. Let l be y(-4). Let g = 6 - -142. Suppose l*p = p + g. Is p a prime number?
True
Suppose 0 = 3*h - 3 + 9. Let q(n) = -5*n**3 + 2*n - 1. Is q(h) a composite number?
True
Let j = 11 - 8. Is j composite?
False
Suppose 2*o - 186 - 104 = 0. Is o a composite number?
True
Let a be 10/8*8/2. Let p(v) = 72*v**2 - v**2 - a*v**2 + v. Is p(-1) a prime number?
False
Let q(z) = -z**3 + 4*z**2 + 3*z - 5. Let h be q(4). Let i(g) = 17*g - 6. Is i(h) a prime number?
True
Suppose 0 = 2*n + 2*n + 804. Let w = -58 - n. Is w prime?
False
Suppose g - 3*o = -2*o - 3, 6 = g + 2*o. Let p be (3 - g)*2/(-6). Is -2 + (-2 - p - -12) prime?
False
Suppose -3*a + 2940 + 144 = 0. Let c = a - 507. Is c prime?
True
Suppose 3 = 3*v - 3. Let g = 4 - v. Is 7*(1/(-1) + g) a prime number?
True
Suppose 6 = 3*o - 2*o + y, -12 = -4*o - y. Suppose 0 = 3*a - 2*a - 8. Suppose d - a = -o. Is d prime?
False
Let t be ((-12)/15)/((-6)/15). Suppose -5*g - 2*x + 1201 = 0, t*x - 723 = g - 4*g. Is g prime?
True
Suppose f - 35 = -5*c, 0 = -4*c - 2*f - f + 17. Is -7 + c - 55*-6 composite?
False
Suppose 0 = -4*g + 8, g = -4*v - 790 + 2068. Let r = v - 26. Is r composite?
False
Let p(r) = r + 87. Is p(0) prime?
False
Suppose 330 = -q - 4*q. Is q/(-1)*10/20 a composite number?
True
Let h be 5*1 + (-4)/4. Suppose 4*r + 0*r + 16 = 4*s, -3*r - 6 = -s. Is h/6 - (-109)/s a composite number?
False
Suppose -3*a + 3*y + 12 = -0*y, -3*a + 4*y + 12 = 0. Suppose -143 = a*r + 1377. Is (-3)/6 - r/8 prime?
True
Let h = -6 - -9. Let l = h - -22. Is l prime?
False
Let m = 16853 + -11344. Is m a prime number?
False
Suppose -4*x + 7*x = 0. Let d be 7 + (-2 + x - 0). Suppose 0 = -4*c + 2*n + 82, 2*c - d*n - 38 = -1. Is c a composite number?
True
Let w = 7 - 3. Suppose -w*g = -5*g + 19. Is g a prime number?
True
Let h = -3 - -5. Let s be 10/(-15) + h/3. Suppose s = 4*a - 8, -2*a - 342 = -4*k - 3*a. Is k prime?
False
Is ((-1)/(-2))/(12/3768) composite?
False
Suppose -6*p = j - p - 203, -3*p = 0. Is j a prime number?
False
Let f = 409 + -30. Is f prime?
True
Suppose -734 = -f + 5*x, x + x + 2882 = 4*f. Is f a composite number?
False
Let o = -1649 - -3982. Is o a composite number?
False
Let y = 418 + 954. Let b be y/10 + (-1)/5. Is (b + 6)*(1 - 0) a prime number?
False
Let z(u) = 2*u**2 + 5*u + 2. Is z(11) composite?
True
Let h(r) be the third derivative of r**5/60 + r**4/4 - 3*r**3/2 - 2*r**2. Let q be h(-7). I